{"id":410,"date":"2018-12-05T18:18:54","date_gmt":"2018-12-05T18:18:54","guid":{"rendered":"https:\/\/ascep.ffzg.unizg.hr\/?page_id=410"},"modified":"2021-11-29T12:35:44","modified_gmt":"2021-11-29T12:35:44","slug":"exhibitions","status":"publish","type":"page","link":"https:\/\/ascep.ffzg.unizg.hr\/index.php\/exhibitions\/","title":{"rendered":"Exhibitions"},"content":{"rendered":"<hr \/>\n<p style=\"text-align: center;\"><strong>Izlo\u017eba:\u00a0<span style=\"color: #800080;\"><em>Novi standard \u2013 Studio za industrijsko oblikovanje i suvremeno stanovanje 1950-ih<\/em><\/span><\/strong>,\u00a0HDD galerija, Zagreb, 25. 11. \u2013 9. 12. 2021.\u00a0\u2013\u00a0<strong>Lovorka Maga\u0161 Biland\u017ei\u0107, Patricia Po\u010dani\u0107<\/strong><\/p>\n<p><img loading=\"lazy\" class=\"wp-image-794  aligncenter\" src=\"https:\/\/ascep.ffzg.unizg.hr\/wp-content\/uploads\/2021\/11\/SIO.jpg\" alt=\"\" width=\"344\" height=\"236\" srcset=\"https:\/\/ascep.ffzg.unizg.hr\/wp-content\/uploads\/2021\/11\/SIO.jpg 1030w, https:\/\/ascep.ffzg.unizg.hr\/wp-content\/uploads\/2021\/11\/SIO-300x206.jpg 300w, https:\/\/ascep.ffzg.unizg.hr\/wp-content\/uploads\/2021\/11\/SIO-1024x704.jpg 1024w, https:\/\/ascep.ffzg.unizg.hr\/wp-content\/uploads\/2021\/11\/SIO-768x528.jpg 768w\" sizes=\"(max-width: 344px) 100vw, 344px\" \/><\/p>\n<p style=\"text-align: center;\">Suradnice projekta\u00a0izv. prof. dr. sc. Lovorka Maga\u0161 Biland\u017ei\u0107\u00a0i doktorandica Patricia Po\u010dani\u0107 autorice su koncepcije i kustosice izlo\u017ebe <em>Novi standard \u2013 Studio za industrijsko oblikovanje i suvremeno stanovanje 1950-ih<\/em> koja se od 25. studenoga do 9. prosinca 2021. odr\u017eava u galeriji Hrvatskog dizajnerskog dru\u0161tva. Izlo\u017eba je posve\u0107ena Studiju za industrijsko oblikovanje (SIO) koji je imao va\u017enu ulogu u afirmiranju industrijskog oblikovanja te tijekom 1950-ih dao va\u017ean doprinos aktualnim polemikama o \u201enovom standardu\u201c i kulturi stanovanja. Na izlo\u017ebi je predstavljeno preko 80 izlo\u017eaka \u2013 od namje\u0161taja, keramike, predmeta od tekstila, plakata, crte\u017ea i skulpture do dokumentarne gra\u0111e i digitalnih ispisa.<\/p>\n<p>Vi\u0161e o izlo\u017ebi mo\u017ee se saznati na\u00a0<a href=\"http:\/\/dizajn.hr\/blog\/izlozba-novi-standard-studio-za-industrijsko-oblikovanje-suvremeno-stanovanje-1950-ih\/\" target=\"_blank\" rel=\"noopener\">http:\/\/dizajn.hr\/blog\/izlozba-novi-standard-studio-za-industrijsko-oblikovanje-suvremeno-stanovanje-1950-ih\/<\/a>.<\/p>\n<hr \/>\n<p style=\"text-align: center;\"><span style=\"color: #000000;\"><strong>Izlo\u017eba<\/strong>: <strong><span style=\"color: #008080;\"><em>Umjetnost slavonskog plemstva \u2013 vrhunska djela europske ba\u0161tine<\/em><\/span><\/strong>, Galerija Klovi\u0107evi dvori, 22.4.2021. \u2013 18.7.2021. &#8211; <strong>Jasminka Najcer Sabljak, Silvija Lu\u010devnjak<\/strong><\/span><\/p>\n<p style=\"text-align: center;\"><span style=\"color: #000000;\"><img loading=\"lazy\" class=\"wp-image-740\" src=\"https:\/\/ascep.ffzg.unizg.hr\/wp-content\/uploads\/2021\/09\/Slika1.png\" alt=\"\" width=\"228\" height=\"287\" srcset=\"https:\/\/ascep.ffzg.unizg.hr\/wp-content\/uploads\/2021\/09\/Slika1.png 712w, https:\/\/ascep.ffzg.unizg.hr\/wp-content\/uploads\/2021\/09\/Slika1-238x300.png 238w\" sizes=\"(max-width: 228px) 100vw, 228px\" \/> \u00a0<img loading=\"lazy\" class=\"wp-image-748\" src=\"https:\/\/ascep.ffzg.unizg.hr\/wp-content\/uploads\/2021\/09\/Slika2ee-1-164x300.jpg\" alt=\"\" width=\"157\" height=\"288\" srcset=\"https:\/\/ascep.ffzg.unizg.hr\/wp-content\/uploads\/2021\/09\/Slika2ee-1-164x300.jpg 164w, https:\/\/ascep.ffzg.unizg.hr\/wp-content\/uploads\/2021\/09\/Slika2ee-1-559x1024.jpg 559w, https:\/\/ascep.ffzg.unizg.hr\/wp-content\/uploads\/2021\/09\/Slika2ee-1.jpg 695w\" sizes=\"(max-width: 157px) 100vw, 157px\" \/><\/span><\/p>\n<p style=\"text-align: center;\">\u010clanice projekta doc. dr. sc. Jasminka Najcer Sabljak i Silvija Lu\u010devnjak autorice su izlo\u017ebu koja je ove godine realizirala na drugom katu Galerije Klovi\u0107evi dvori u Zagrebu. Na izlo\u017ebi su predstavljene likovne zbirke i djela likovne umjetnosti vezana uz najzna\u010dajnije plemi\u0107ke obitelji (npr. Adamovi\u0107, Eltz, Odescalchi, Peja\u010devi\u0107, Hilleprand von Prandau, Normann-Ehrenfels, Mihalovi\u0107, Jankovi\u0107 Vo\u0107inski, Jankovi\u0107 Daruvarski\u2026) koje su odigrale va\u017enu ulogu na gospodarskom, politi\u010dkom i kulturnom planu isto\u010dne Hrvatske. Na njoj su bili predstavljeni odabrani predmeti od umjetnina, preko umjetni\u010dkog obrta do arhivskog gradiva i srodne gra\u0111e s naglaskom na djelima likovne umjetnosti (slikarstvo, kiparstvo, grafika, arhitektura), sveukupno oko 224. predmeta iz nacionalnih muzeja od Iloka do Zagreba, potom iz dr\u017eavnih rezidencija na Brijunima, Galerije Matice srpske iz Novog Sada, privatnih zbirki iz Be\u010da, Salzburga i Zagreba.<\/p>\n<p style=\"text-align: center;\">Suradnici projekta su prof. dr. sc. Dragan Damjanovi\u0107 i doc.dr.sc. Daniel Zec, kustosice izlo\u017ebe su Valentina Galovi\u0107 i Iva Sudec Andreis.<\/p>\n<p>Poveznica na izlo\u017ebu: <a href=\"https:\/\/gkd.hr\/izlozba\/umjetnost-slavonskog-plemstva-vrhunska-djela-europske-bastine\/\">https:\/\/gkd.hr\/izlozba\/umjetnost-slavonskog-plemstva-vrhunska-djela-europske-bastine\/<\/a><\/p>\n<hr \/>\n<p style=\"text-align: center;\">Izlo\u017eba: <span style=\"color: #333399;\"><strong><em>Ratko Petri\u0107: Baciti istinu u lice!<\/em>, <span style=\"color: #000000;\">Muzej suvremene umjetnosti, Zagreb, 30. 3. \u2013 23. 5. 2021.<\/span><\/strong> <\/span>&#8211; <strong>Frano Dulibi\u0107, Lovorka Maga\u0161 Biland\u017ei\u0107<\/strong><\/p>\n<p><img loading=\"lazy\" class=\"aligncenter wp-image-655\" src=\"https:\/\/ascep.ffzg.unizg.hr\/wp-content\/uploads\/2021\/03\/Tjedni-list-omladine-TLO_br.10-11_1970-225x300.jpg\" alt=\"\" width=\"150\" height=\"200\" srcset=\"https:\/\/ascep.ffzg.unizg.hr\/wp-content\/uploads\/2021\/03\/Tjedni-list-omladine-TLO_br.10-11_1970-225x300.jpg 225w, https:\/\/ascep.ffzg.unizg.hr\/wp-content\/uploads\/2021\/03\/Tjedni-list-omladine-TLO_br.10-11_1970.jpg 531w\" sizes=\"(max-width: 150px) 100vw, 150px\" \/><\/p>\n<p style=\"text-align: center;\">\u010clanovi projekta <strong>prof. dr. sc. Frano Dulibi\u0107<\/strong> i <strong>doc. dr. sc. Lovorka Maga\u0161 Biland\u017ei\u0107<\/strong> sura\u0111ivali su na izlo\u017ebi <strong><em>Ratko Petri\u0107: Baciti istinu u lice!<\/em> <\/strong>koja se u utorak, 30. sije\u010dnja 2021. otvara u zagreba\u010dkom Muzeju suvremene umjetnosti. Rije\u010d je o velikoj retrospektivnoj izlo\u017ebi na kojoj \u0107e biti predstavljeno preko 300 radova kipara Ratka Petri\u0107a (1941.\u20132010.), jednoga od najintrigantijih suvremenih hrvatskih umjetnika koji je zna\u010dajno obilje\u017eio razli\u010dita podru\u010dja te inicirao brojne projekte, poput Aleje skulptura na Savskom nasipu. Autorica koncepta i kustosica izlo\u017ebe je muzejska savjetnica Muzeja suvremene umjetnosti Nata\u0161a Ivan\u010devi\u0107, a suradnici projekta obradili su pojedine dionice Petri\u0107eva bogatog i raznolikog opusa \u2013 prof. dr. sc. Frano Dulibi\u0107 karikaturu, crte\u017e, strip i grafiku, a doc. dr. sc. Lovorka Maga\u0161 Biland\u017ei\u0107 grafi\u010dki dizajn.<\/p>\n<p style=\"text-align: center;\">Vi\u0161e o izlo\u017ebi mo\u017ee se saznati na\u00a0<a href=\"http:\/\/www.msu.hr\/dogadanja\/ratko-petric-baciti-istinu-u-lice\/623.html\">http:\/\/www.msu.hr\/dogadanja\/ratko-petric-baciti-istinu-u-lice\/623.html<\/a>.<\/p>\n<hr \/>\n<p style=\"text-align: center;\"><strong>Izlo\u017eba: <span style=\"color: #339966;\"><em>Ars et Virtus. Hrvatska-Ma\u0111arska: 800 godina zajedni\u010dke kulturne ba\u0161tine<\/em><\/span>, Galerija Klovi\u0107evi dvori, Zagreb, 24. 9. \u2013 22. 11. 2020. &#8211; Dragan Damjanovi\u0107, Ivan Kokeza<\/strong><\/p>\n<p><img loading=\"lazy\" class=\"size-medium wp-image-677 aligncenter\" src=\"https:\/\/ascep.ffzg.unizg.hr\/wp-content\/uploads\/2021\/04\/Izlozba-236x300.jpg\" alt=\"\" width=\"236\" height=\"300\" srcset=\"https:\/\/ascep.ffzg.unizg.hr\/wp-content\/uploads\/2021\/04\/Izlozba-236x300.jpg 236w, https:\/\/ascep.ffzg.unizg.hr\/wp-content\/uploads\/2021\/04\/Izlozba.jpg 472w\" sizes=\"(max-width: 236px) 100vw, 236px\" \/><\/p>\n<p style=\"text-align: center;\">\u010clanovi projekta\u00a0<strong>prof. dr. sc. Dragan Damjanovi\u0107<\/strong>\u00a0i\u00a0<strong>doktorand Ivan Kokeza <\/strong>sura\u0111ivali su u realizaciji izlo\u017ebe o osam stolje\u0107a kulturnih veza Hrvata i Ma\u0111ara. Izlo\u017eba je predstavljala po broju posjetitelja najuspje\u0161niji izlo\u017ebeni pothvat realiziran u Hrvatskoj u vrijeme pandemijom obilje\u017eene 2020. godine. Doktorand Kokeza radio je na izradi kazala tekstova izlo\u017ebe, a prof. Damjanovi\u0107 jedan je od autora izlo\u017ebe i urednika kataloga, u kojemu je objavio tekst o ma\u0111arsko-hrvatskim vezama na polju arhitekture u 19. stolje\u0107u.<\/p>\n<p>Vi\u0161e o izlo\u017ebi: <a href=\"https:\/\/gkd.hr\/2020\/09\/17\/ars-et-virtus-hrvatska-madarska-800-godina-zajednicke-kulturne-bastine\/\">https:\/\/gkd.hr\/2020\/09\/17\/ars-et-virtus-hrvatska-madarska-800-godina-zajednicke-kulturne-bastine\/<\/a><\/p>\n<p>Tekst prof. dr. sc. Dragana Damjanovi\u0107a dostupan je na poveznicama:<br \/>\nHrvatska verzija <a href=\"https:\/\/www.academia.edu\/44277093\/Ma%C4%91arsko_hrvatske_veze_na_podru%C4%8Dju_arhitekture_u_19_stolje%C4%87u_Ars_et_Virtus_Hrvatska_Ma%C4%91arska_800_godina_zajedni%C4%8Dke_kulturne_ba%C5%A1tine_hrvatsko_izdanje_Galerija_Klovi%C4%87evi_dvori_Zagreb_Ma%C4%91arski_nacionalni_muzej_Budimpe%C5%A1ta_2020_234_257\">https:\/\/www.academia.edu\/44277093\/Ma%C4%91arsko_hrvatske_veze_na_podru%C4%8Dju_arhitekture_u_19_stolje%C4%87u_Ars_et_Virtus_Hrvatska_Ma%C4%91arska_800_godina_zajedni%C4%8Dke_kulturne_ba%C5%A1tine_hrvatsko_izdanje_Galerija_Klovi%C4%87evi_dvori_Zagreb_Ma%C4%91arski_nacionalni_muzej_Budimpe%C5%A1ta_2020_234_257<\/a><\/p>\n<p>Engleska verzija <a href=\"https:\/\/www.academia.edu\/44213232\/Architectural_Links_between_Hungary_and_Croatia_in_the_19th_Century_in_Ars_et_Virtus_Croatia_Hungary_800_Years_Of_Shared_Cultural_Heritage_Klovi%C4%87evi_dvori_Gallery_Hungarian_National_Museum_Zagreb_Budapest_2020_234_257\">https:\/\/www.academia.edu\/44213232\/Architectural_Links_between_Hungary_and_Croatia_in_the_19th_Century_in_Ars_et_Virtus_Croatia_Hungary_800_Years_Of_Shared_Cultural_Heritage_Klovi%C4%87evi_dvori_Gallery_Hungarian_National_Museum_Zagreb_Budapest_2020_234_257<\/a><\/p>\n<hr \/>\n<p style=\"text-align: center;\">Izlo\u017eba: <span style=\"color: #151552;\"><b><i>Vladimir Beci\u0107<\/i>, Galerija Klovi\u0107evi dvori, Zagreb <\/b><\/span><b>&#8211; Zvonko Makovi\u0107<\/b><\/p>\n<p><img loading=\"lazy\" class=\"size-medium wp-image-451 aligncenter\" src=\"https:\/\/ascep.ffzg.unizg.hr\/wp-content\/uploads\/2018\/12\/Becic_Klovicevi-253x300.jpeg\" alt=\"\" width=\"253\" height=\"300\" srcset=\"https:\/\/ascep.ffzg.unizg.hr\/wp-content\/uploads\/2018\/12\/Becic_Klovicevi-253x300.jpeg 253w, https:\/\/ascep.ffzg.unizg.hr\/wp-content\/uploads\/2018\/12\/Becic_Klovicevi-768x909.jpeg 768w, https:\/\/ascep.ffzg.unizg.hr\/wp-content\/uploads\/2018\/12\/Becic_Klovicevi-865x1024.jpeg 865w, https:\/\/ascep.ffzg.unizg.hr\/wp-content\/uploads\/2018\/12\/Becic_Klovicevi.jpeg 1000w\" sizes=\"(max-width: 253px) 100vw, 253px\" \/><\/p>\n<p style=\"text-align: center;\"><span style=\"color: #000000;\">U Galeriji Klovi\u0107evi dvori u Zagrebu\u00a0otvorena je izlo\u017eba\u00a0<strong><em>Vladimir Beci\u0107 <\/em><\/strong>pod autorstvom suradnika na projektu prof. dr. sc. Zvonka Makovi\u0107a, a uz koju je publiciran i istoimeni katalog izlo\u017ebe. Izlo\u017eba je otvorena od 6. prosinca 2018. do 10. o\u017eujka 2019.<\/span><\/p>\n<p><span style=\"color: #000000;\">Poveznica: <a style=\"color: #000000;\" href=\"http:\/\/gkd.hr\/izlozba\/vladimir-becic\/\" target=\"_blank\" rel=\"noopener\">Galerija Klovi\u0107evi dvori, Zagreb<\/a><\/span><\/p>\n<hr \/>\n<p style=\"text-align: center;\">Izlo\u017eba i publikacija: <span style=\"color: #6d2c70;\"><strong><em>Dan vredan veka 1. XII 1918. \/ The Day Worth a Century 1 XII 1918,\u00a0<\/em><\/strong><strong>Muzej Jugoslavije, Pala\u010da Srbije, Beograd <\/strong><\/span><strong>&#8211; Sandi Bulimba\u0161i\u0107<\/strong><\/p>\n<p style=\"text-align: center;\"><img loading=\"lazy\" class=\"wp-image-437 size-medium\" src=\"https:\/\/ascep.ffzg.unizg.hr\/wp-content\/uploads\/2018\/12\/Sandi_Beograd-209x300.jpg\" alt=\"\" width=\"209\" height=\"300\" srcset=\"https:\/\/ascep.ffzg.unizg.hr\/wp-content\/uploads\/2018\/12\/Sandi_Beograd-209x300.jpg 209w, https:\/\/ascep.ffzg.unizg.hr\/wp-content\/uploads\/2018\/12\/Sandi_Beograd.jpg 603w\" sizes=\"(max-width: 209px) 100vw, 209px\" \/><img loading=\"lazy\" class=\"size-medium wp-image-526\" src=\"https:\/\/ascep.ffzg.unizg.hr\/wp-content\/uploads\/2019\/10\/Sandi_Beograd_eng-209x300.jpg\" alt=\"\" width=\"209\" height=\"300\" srcset=\"https:\/\/ascep.ffzg.unizg.hr\/wp-content\/uploads\/2019\/10\/Sandi_Beograd_eng-209x300.jpg 209w, https:\/\/ascep.ffzg.unizg.hr\/wp-content\/uploads\/2019\/10\/Sandi_Beograd_eng.jpg 403w\" sizes=\"(max-width: 209px) 100vw, 209px\" \/><\/p>\n<p style=\"text-align: center;\"><span style=\"color: #000000;\">U organizaciji Muzeja Jugoslavije, u <em>Pala\u010di Srbije<\/em>\u00a0u Beogradu otvorena je izlo\u017eba\u00a0<strong><em>Dan vredan veka 1. XII 1918. \/ The Day Worth a Century 1 XII 1918<\/em><\/strong>\u00a0uz koju je publiciran i istoimeni katalog izlo\u017ebe. U katalogu izlo\u017ebe objavljen je tekst suradnice na projektu dr. sc. Sandi Bulimba\u0161i\u0107 pod nazivom <strong><em>Dru\u0161tvo hrvatskih umjetnika \u201eMeduli\u0107\u201c \u2013 vizionari vremena \/ Meduli\u0107, the Association of Croatian Artists -Visionaries of Their Time.\u00a0<\/em><\/strong>Izlo\u017eba je otvorena od\u00a01. prosinca 2018. do 28. travnja 2019.<\/span><\/p>\n<p><span style=\"color: #000000;\">Podaci o publikaciji: Sandi Bulimba\u0161i\u0107,\u00a0<em>Dru\u0161tvo hrvatskih umjetnika \u201eMeduli\u0107\u201c \u2013 vizionari vremena \/ Meduli\u0107, the Association of Croatian Artists -Visionaries of Their Time,<\/em>\u00a0u: <em>Dan vredan veka 1. XII 1918. <\/em>\/<em> The Day Worth a Century 1 XII 1918<\/em> (ur. Radovan Cuki\u0107, Veselinka Kastratovi\u0107 Risti\u0107, Marija Vasiljevi\u0107), Muzej Jugoslavije, Beograd, 2018., 49-64.<\/span><\/p>\n<p><span style=\"color: #000000;\">Poveznica na:\u00a0<a style=\"color: #000000;\" href=\"https:\/\/ascep.ffzg.unizg.hr\/wp-content\/uploads\/2019\/10\/003_SB-katalog_engl..pdf\" target=\"_blank\" rel=\"noopener\">tekst dr.\u00a0 sc. Sandi Bulimba\u0161i\u0107<\/a><\/span><\/p>\n<p><span style=\"color: #000000;\">Poveznica na izlo\u017ebu: <a style=\"color: #000000;\" href=\"https:\/\/www.muzej-jugoslavije.org\/exhibition\/dan-vredan-veka-1-decembar-1918\/\" target=\"_blank\" rel=\"noopener\">https:\/\/www.muzej-jugoslavije.org\/exhibition\/dan-vredan-veka-1-decembar-1918\/<\/a><\/span><\/p>\n<hr \/>\n<p style=\"text-align: center;\"><span style=\"color: #003366;\">Izlo\u017eba: <em><strong>Andrija Maurovi\u0107: Izme\u0111u politi\u010dkih ideologija i pornografije (studijska izlo\u017eba)\/Andrija Maurovi\u0107: Bettween political ideologies and pornography (case study exibition), <\/strong><\/em><strong>Muzej suvremene umjetnosti, Zagreb<\/strong><\/span><strong>&#8211; Frano Dulibi\u0107<\/strong><\/p>\n<p><img loading=\"lazy\" class=\"aligncenter wp-image-384\" src=\"https:\/\/ascep.ffzg.unizg.hr\/wp-content\/uploads\/2018\/12\/Dulibic_Maurovic-208x300.jpg\" sizes=\"(max-width: 208px) 100vw, 208px\" srcset=\"https:\/\/ascep.ffzg.unizg.hr\/wp-content\/uploads\/2018\/12\/Dulibic_Maurovic-208x300.jpg 208w, https:\/\/ascep.ffzg.unizg.hr\/wp-content\/uploads\/2018\/12\/Dulibic_Maurovic-768x1107.jpg 768w, https:\/\/ascep.ffzg.unizg.hr\/wp-content\/uploads\/2018\/12\/Dulibic_Maurovic-711x1024.jpg 711w\" alt=\"\" width=\"243\" height=\"350\" \/><\/p>\n<p style=\"text-align: center;\"><span style=\"color: #000000;\">U Muzeju suvremenih umjetnosti u Zagrebu otvorena je izlo\u017eba\u00a0<em><strong>Andrija Maurovi\u0107: Izme\u0111u politi\u010dkih ideologija i pornografije (studijska izlo\u017eba)\/Andrija Maurovi\u0107: Bettween political ideologies and pornography (case study exibition)<\/strong><\/em>\u00a0uz koju je publiciran i istoimeni katalog izlo\u017ebe. Autor izlo\u017ebe i teksta kataloga je suradnik na projektu prof. dr. sc. Frano Dulibi\u0107. Izlo\u017eba je otvorena od\u00a028. studenoga 2018. do 24. velja\u010de 2019.<\/span><\/p>\n<p style=\"text-align: center;\"><span style=\"color: #000000;\">Podaci o publikaciji: Frano Dulibi\u0107,\u00a0<em>Andrija Maurovi\u0107: Izme\u0111u politi\u010dkih ideologija i pornografije (studijska izlo\u017eba)\/Andrija Maurovi\u0107: Bettween political ideologies and pornography (case study exibition),<\/em>\u00a0Muzej suvremene umjetnosti, Zagreb, 2018., ISBN: 978-953-8146-50-3.<\/span><\/p>\n<p style=\"text-align: center;\"><span style=\"color: #000000;\">Poveznica na izlo\u017ebu:<a style=\"color: #000000;\" href=\"http:\/\/www.msu.hr\/?\/hr\/21737\/\" target=\"_blank\" rel=\"noopener\">\u00a0Muzej suvremene umjetnosti, Zagrebu\/\u00a0The Museum of Contemporary Art, Zagreb<\/a>.<\/span><\/p>\n","protected":false},"excerpt":{"rendered":"<p>Izlo\u017eba:\u00a0Novi standard \u2013 Studio za industrijsko oblikovanje i suvremeno stanovanje 1950-ih,\u00a0HDD galerija, Zagreb, 25. 11. \u2013 9. 12. 2021.\u00a0\u2013\u00a0Lovorka Maga\u0161 Biland\u017ei\u0107, Patricia Po\u010dani\u0107 Suradnice projekta\u00a0izv. prof. dr. sc. Lovorka Maga\u0161 Biland\u017ei\u0107\u00a0i doktorandica Patricia Po\u010dani\u0107 autorice su koncepcije i kustosice izlo\u017ebe Novi standard \u2013 Studio za industrijsko oblikovanje i suvremeno stanovanje 1950-ih koja se od 25. &hellip; <\/p>\n<p class=\"link-more\"><a href=\"https:\/\/ascep.ffzg.unizg.hr\/index.php\/exhibitions\/\" class=\"more-link\">Continue reading<span class=\"screen-reader-text\"> &#8220;Exhibitions&#8221;<\/span><\/a><\/p>\n","protected":false},"author":2,"featured_media":0,"parent":0,"menu_order":0,"comment_status":"closed","ping_status":"closed","template":"","meta":[],"_links":{"self":[{"href":"https:\/\/ascep.ffzg.unizg.hr\/index.php\/wp-json\/wp\/v2\/pages\/410"}],"collection":[{"href":"https:\/\/ascep.ffzg.unizg.hr\/index.php\/wp-json\/wp\/v2\/pages"}],"about":[{"href":"https:\/\/ascep.ffzg.unizg.hr\/index.php\/wp-json\/wp\/v2\/types\/page"}],"author":[{"embeddable":true,"href":"https:\/\/ascep.ffzg.unizg.hr\/index.php\/wp-json\/wp\/v2\/users\/2"}],"replies":[{"embeddable":true,"href":"https:\/\/ascep.ffzg.unizg.hr\/index.php\/wp-json\/wp\/v2\/comments?post=410"}],"version-history":[{"count":21,"href":"https:\/\/ascep.ffzg.unizg.hr\/index.php\/wp-json\/wp\/v2\/pages\/410\/revisions"}],"predecessor-version":[{"id":795,"href":"https:\/\/ascep.ffzg.unizg.hr\/index.php\/wp-json\/wp\/v2\/pages\/410\/revisions\/795"}],"wp:attachment":[{"href":"https:\/\/ascep.ffzg.unizg.hr\/index.php\/wp-json\/wp\/v2\/media?parent=410"}],"curies":[{"name":"wp","href":"https:\/\/api.w.org\/{rel}","templated":true}]}}