{"id":39,"date":"2018-11-02T10:34:38","date_gmt":"2018-11-02T10:34:38","guid":{"rendered":"https:\/\/ascep.ffzg.unizg.hr\/?page_id=39"},"modified":"2021-04-06T11:21:45","modified_gmt":"2021-04-06T11:21:45","slug":"project_team","status":"publish","type":"page","link":"https:\/\/ascep.ffzg.unizg.hr\/index.php\/project_team\/","title":{"rendered":"Project team"},"content":{"rendered":"<p><a href=\"https:\/\/ascep.ffzg.unizg.hr\/index.php\/dragan-damjanovic\/\" target=\"_blank\" rel=\"noopener\">Dragan Damjanovi\u0107, PhD, full professor, principal investigator, Department of Art History, Faculty of Humanities and Social Sciences, University of Zagreb<\/a><\/p>\n<p><a href=\"https:\/\/ascep.ffzg.unizg.hr\/index.php\/josipa-alviz\/\" target=\"_blank\" rel=\"noopener\">Josipa Alvi\u017e, PhD,\u00a0 assistant professor, Department of Art History, Faculty of Humanities and Social Sciences, University of Zagreb<\/a><\/p>\n<p><a href=\"https:\/\/ascep.ffzg.unizg.hr\/index.php\/marina-bregovac-pisk\/\" target=\"_blank\" rel=\"noopener\">Marina Bregovac Pisk, PhD, museum advisor, Croatian History Museum, Zagreb<\/a><\/p>\n<p><a href=\"https:\/\/ascep.ffzg.unizg.hr\/index.php\/matea-brstilo\/\" target=\"_blank\" rel=\"noopener\">Matea Brstilo Re\u0161etar, senior curator, Croatian History Museum, Zagreb<\/a><\/p>\n<p><a href=\"https:\/\/ascep.ffzg.unizg.hr\/index.php\/sandi-bulimbasic\/\" target=\"_blank\" rel=\"noopener\">Sandi Bulimba\u0161i\u0107, PhD, senior adviser\u2013conservator, Ministry of Culture of the Republic of Croatia, Directorate for the Protection of Cultural Heritage, Conservation Department in Split<\/a><\/p>\n<p><a href=\"https:\/\/ascep.ffzg.unizg.hr\/index.php\/frano-dulibic\/\" target=\"_blank\" rel=\"noopener\">Frano Dulibi\u0107, PhD, full professor, Department of Art History, Faculty of Humanities and Social Sciences, University of Zagreb<\/a><\/p>\n<p><a href=\"https:\/\/ascep.ffzg.unizg.hr\/index.php\/ivan-kokeza\/\" target=\"_blank\" rel=\"noopener\">Ivan Kokeza, PhD student, trainee curator, Croatian History Museum, Zagreb<\/a><\/p>\n<p><a href=\"https:\/\/ascep.ffzg.unizg.hr\/index.php\/silvija-lucevnjak\/\" target=\"_blank\" rel=\"noopener\">Silvija Lu\u010devnjak, curator\/director, <\/a><a href=\"http:\/\/www.zmn.hr\/o-muzeju\/djelatnici\/\" target=\"_blank\" rel=\"noopener\">Na\u0161ice Local History Museum, Na\u0161ice<\/a><\/p>\n<p><a href=\"https:\/\/ascep.ffzg.unizg.hr\/index.php\/lovorka-magas-bilandzic\/\" target=\"_blank\" rel=\"noopener\">Lovorka Maga\u0161 Biland\u017ei\u0107, PhD, assistant professor, Department of Art History, Faculty of Humanities and Social Sciences, University of Zagreb<\/a><\/p>\n<p><a href=\"https:\/\/ascep.ffzg.unizg.hr\/index.php\/zvonko-makovic\/\" target=\"_blank\" rel=\"noopener\">Zvonko Makovi\u0107, PhD, full professor, director,\u00a0<\/a><a href=\"http:\/\/www.dpuh.hr\/\">Croatian society of art historians, Zagreb<\/a><\/p>\n<p><a href=\"https:\/\/ascep.ffzg.unizg.hr\/index.php\/zeljka-miklosevic\/\" target=\"_blank\" rel=\"noopener\">\u017deljka Miklo\u0161evi\u0107, PhD, assistant professor, Department of Information Sciences, Faculty of Humanities and Social Sciences, University of Zagreb<\/a><\/p>\n<p><a href=\"https:\/\/ascep.ffzg.unizg.hr\/index.php\/jasminka-najcer-sabljak\/\" target=\"_blank\" rel=\"noopener\">Jasminka Najcer Sabljak, PhD, assistant professor, <\/a><a href=\"http:\/\/www.uaos.unios.hr\/index.php?option=com_content&amp;view=article&amp;id=6155:doc-dr-sc-jasminka-najcer-sabljak&amp;catid=47:arhiva&amp;Itemid=847\" target=\"_blank\" rel=\"noopener\">Josip Juraj Strossmayer University of Osijek, Academy of Arts in Osijek<\/a><\/p>\n<p><a href=\"https:\/\/ascep.ffzg.unizg.hr\/index.php\/jasmina-nestic\/\">Jasmina Nesti\u0107, PhD, assistant professor, Department of Art History, Faculty of Humanities and Social Sciences, University of Zagreb<\/a><\/p>\n<p><a href=\"https:\/\/ascep.ffzg.unizg.hr\/index.php\/patricia-pocanic\/\" target=\"_blank\" rel=\"noopener\">Patricia Po\u010dani\u0107, PhD student,\u00a0\u00a0junior researcher-assistant, Department of Art History, Faculty of Humanities and Social Sciences, University of Zagreb<\/a><\/p>\n<p><a href=\"https:\/\/ascep.ffzg.unizg.hr\/index.php\/sanja-zadro\/\" target=\"_blank\" rel=\"noopener\">Sanja Zadro, PhD<\/a><\/p>\n","protected":false},"excerpt":{"rendered":"<p>Dragan Damjanovi\u0107, PhD, full professor, principal investigator, Department of Art History, Faculty of Humanities and Social Sciences, University of Zagreb Josipa Alvi\u017e, PhD,\u00a0 assistant professor, Department of Art History, Faculty of Humanities and Social Sciences, University of Zagreb Marina Bregovac Pisk, PhD, museum advisor, Croatian History Museum, Zagreb Matea Brstilo Re\u0161etar, senior curator, Croatian History &hellip; <\/p>\n<p class=\"link-more\"><a href=\"https:\/\/ascep.ffzg.unizg.hr\/index.php\/project_team\/\" class=\"more-link\">Continue reading<span class=\"screen-reader-text\"> &#8220;Project team&#8221;<\/span><\/a><\/p>\n","protected":false},"author":2,"featured_media":0,"parent":0,"menu_order":0,"comment_status":"closed","ping_status":"closed","template":"","meta":[],"_links":{"self":[{"href":"https:\/\/ascep.ffzg.unizg.hr\/index.php\/wp-json\/wp\/v2\/pages\/39"}],"collection":[{"href":"https:\/\/ascep.ffzg.unizg.hr\/index.php\/wp-json\/wp\/v2\/pages"}],"about":[{"href":"https:\/\/ascep.ffzg.unizg.hr\/index.php\/wp-json\/wp\/v2\/types\/page"}],"author":[{"embeddable":true,"href":"https:\/\/ascep.ffzg.unizg.hr\/index.php\/wp-json\/wp\/v2\/users\/2"}],"replies":[{"embeddable":true,"href":"https:\/\/ascep.ffzg.unizg.hr\/index.php\/wp-json\/wp\/v2\/comments?post=39"}],"version-history":[{"count":18,"href":"https:\/\/ascep.ffzg.unizg.hr\/index.php\/wp-json\/wp\/v2\/pages\/39\/revisions"}],"predecessor-version":[{"id":696,"href":"https:\/\/ascep.ffzg.unizg.hr\/index.php\/wp-json\/wp\/v2\/pages\/39\/revisions\/696"}],"wp:attachment":[{"href":"https:\/\/ascep.ffzg.unizg.hr\/index.php\/wp-json\/wp\/v2\/media?parent=39"}],"curies":[{"name":"wp","href":"https:\/\/api.w.org\/{rel}","templated":true}]}}