{"id":260,"date":"2018-11-02T15:31:37","date_gmt":"2018-11-02T15:31:37","guid":{"rendered":"https:\/\/ascep.ffzg.unizg.hr\/?page_id=260"},"modified":"2021-02-12T11:57:31","modified_gmt":"2021-02-12T11:57:31","slug":"contact-2","status":"publish","type":"page","link":"https:\/\/ascep.ffzg.unizg.hr\/index.php\/contact-2\/","title":{"rendered":"Contact"},"content":{"rendered":"<header class=\"entry-header\">\n<h1 class=\"entry-title\"><strong style=\"font-size: 1rem;\">Dragan Damjanovi\u0107, PhD, full professor (principal investigator)<\/strong><\/h1>\n<\/header>\n<div class=\"entry-content\">\n<p><a href=\"mailto:ddamjano@ffzg.hr\">ddamjano@ffzg.hr<\/a><\/p>\n<p>Filozofski fakultet<\/p>\n<p>Ivana Lu\u010di\u0107a 3<\/p>\n<p>10000 Zagreb<\/p>\n<p>Croatia<\/p>\n<\/div>\n","protected":false},"excerpt":{"rendered":"<p>Dragan Damjanovi\u0107, PhD, full professor (principal investigator) ddamjano@ffzg.hr Filozofski fakultet Ivana Lu\u010di\u0107a 3 10000 Zagreb Croatia<\/p>\n","protected":false},"author":2,"featured_media":0,"parent":0,"menu_order":0,"comment_status":"closed","ping_status":"closed","template":"","meta":[],"_links":{"self":[{"href":"https:\/\/ascep.ffzg.unizg.hr\/index.php\/wp-json\/wp\/v2\/pages\/260"}],"collection":[{"href":"https:\/\/ascep.ffzg.unizg.hr\/index.php\/wp-json\/wp\/v2\/pages"}],"about":[{"href":"https:\/\/ascep.ffzg.unizg.hr\/index.php\/wp-json\/wp\/v2\/types\/page"}],"author":[{"embeddable":true,"href":"https:\/\/ascep.ffzg.unizg.hr\/index.php\/wp-json\/wp\/v2\/users\/2"}],"replies":[{"embeddable":true,"href":"https:\/\/ascep.ffzg.unizg.hr\/index.php\/wp-json\/wp\/v2\/comments?post=260"}],"version-history":[{"count":5,"href":"https:\/\/ascep.ffzg.unizg.hr\/index.php\/wp-json\/wp\/v2\/pages\/260\/revisions"}],"predecessor-version":[{"id":645,"href":"https:\/\/ascep.ffzg.unizg.hr\/index.php\/wp-json\/wp\/v2\/pages\/260\/revisions\/645"}],"wp:attachment":[{"href":"https:\/\/ascep.ffzg.unizg.hr\/index.php\/wp-json\/wp\/v2\/media?parent=260"}],"curies":[{"name":"wp","href":"https:\/\/api.w.org\/{rel}","templated":true}]}}